17
Suppose 5*k = 5*w - 55, k + 0*w + 4*w = -16. Let s(v) = 2*v + 6. Let p be s(-4). Let j = p - k. Calculate the highest common divisor of j and 4.
2
Suppose 0 = -k + 6 - 0. Calculate the highest common divisor of 42 and k.
6
Let o be 1/(2 - 9/6). Let x = 12 - o. Suppose -3*y + 6*y = 3*c + 126, -2*y - 3*c + 74 = 0. What is the greatest common factor of y and x?
10
Let c = 483 - 283. What is the highest common divisor of c and 25?
25
Let d = 152 - 147. Calculate the highest common divisor of d and 10.
5
Let p be -2 + (-3)/(6/(-28)). Let m = -7 + p. Suppose -m*n + 0*u + 73 = -u, n - 2*u = 11. Calculate the greatest common divisor of 3 and n.
3
Suppose 5*r - 3*c - 24 = r, -23 = -r + 5*c. Let w = 12 - r. Suppose -n + 4 = w, 22 = -3*l - 5*n. What is the highest common divisor of l and 9?
1
Suppose 18 = 3*j - 5*v, -4*j = 2*v - 5*v - 35. Suppose -1 = -q - 10. Let s(f) = f**2 + 8*f + 2. Let h be s(q). Calculate the highest common factor of h and j.
11
Let w be 2/3 - 50/3. Let l = -4 - w. Calculate the highest common divisor of l and 4.
4
Suppose -2*d + 19 = 4*b - 9, 3*b - 39 = -3*d. Calculate the greatest common factor of d and 132.
12
Suppose v - 3*p - p - 118 = 0, -2*p + 508 = 4*v. Let w(n) = -n + 14. Let g be w(0). Calculate the greatest common divisor of v and g.
14
Suppose 4*s - 52 - 148 = 0. Suppose -262 = -8*a - 102. What is the highest common divisor of s and a?
10
Let h(x) = -2*x + x + 0*x + 1 + 0*x. Let w be h(-2). What is the highest common divisor of w and 33?
3
Suppose 3*a = -3*y + 3, 13 = 5*y - a + 2*a. Suppose z = y*z - 24. Calculate the greatest common factor of z and 6.
6
Let f = 52 + -42. Calculate the greatest common factor of 20 and f.
10
Let d(x) = x**3 - 5*x**2 + 3. Let w be d(5). Suppose -w*g = -2*p - 18, -5*p - 17 = g - 6. Calculate the greatest common factor of 12 and g.
4
Suppose -q + a + 24 = 0, 0 = -a + 6*a + 20. What is the highest common divisor of q and 60?
20
Let x = 1 + 1. Suppose 0 = -x*j - 2*j + 260. What is the highest common divisor of j and 26?
13
Let u = 26 - 12. Suppose -10*q = -u*q + 216. Calculate the highest common divisor of 18 and q.
18
Let b(w) = -2*w + 7. Let i be b(-3). What is the greatest common factor of i and 78?
13
Let w = 37 - 29. Calculate the greatest common divisor of w and 32.
8
Let r(u) = u**3 + 8*u**2 + 3*u + 10. Let l be r(-8). Let c be l*(3 + (-111)/7). Calculate the greatest common divisor of 18 and c.
18
Let g = 7 + 2. Let a(c) = -c**3 + 11*c**2 - 12*c - 6. Let z be a(g). What is the greatest common factor of z and 6?
6
Suppose -3 = q - 2*q. Calculate the highest common factor of q and 3.
3
Let t(c) = c - 2. Let d be t(5). Calculate the highest common divisor of 9 and d.
3
Let l be (334/3)/(6/(-9)). Let x = 310 + l. What is the highest common divisor of x and 13?
13
Let d(i) = -9*i + 4. Let m be d(-4). Let y be (6*1 - -2)/1. What is the greatest common factor of y and m?
8
Let o(v) = v + 25. Let x be o(-5). What is the highest common divisor of 4 and x?
4
Let d(x) = x**2 + 8*x + 15. Suppose o - 5*j - 13 = 0, -19 = 4*j - 3. Let u be d(o). What is the highest common factor of u and 32?
8
Let v(i) = i**2 + 5*i + 12. Let t be v(-5). Suppose -3*j + 18 = 5*m, 0*j - 3*m = -5*j + 30. What is the greatest common divisor of t and j?
6
Let g = -32 - -60. Calculate the highest common factor of 7 and g.
7
Suppose -4*h = -14 - 66. Calculate the highest common divisor of 4 and h.
4
Suppose -q + 716 = 4*h, 0*h = -2*h - 2. Let b(j) = j + 7. Let u be b(-7). Suppose -4*k - k + q = u. Calculate the greatest common divisor of 16 and k.
16
Let t = -57 + 61. Calculate the highest common divisor of t and 36.
4
Let m be (-7)/(-2 + 9/5). Let c = m + 13. Let r be ((-24)/2)/((13 + -3)/(-5)). What is the greatest common factor of c and r?
6
Let k(w) = -6*w - 2. Let a be k(-2). Calculate the greatest common divisor of a and 40.
10
Let j(v) = -v**3 - 2*v**2 + 4*v + 5. Let o be j(-5). What is the highest common divisor of 12 and o?
12
Suppose 0 = -0*u - 2*u. Suppose -q + l + 28 = -u*l, -3*q - 2*l = -84. Let k be (-4)/(4/(-14) + 0). What is the greatest common divisor of k and q?
14
Suppose -21*d = -25*d + 480. What is the highest common factor of 12 and d?
12
Let j be (-1)/(3/3 - 2). Suppose -3*s = -0*s - 3. Calculate the greatest common divisor of s and j.
1
Let u(m) = -m**2 - 3*m. Let o be u(-3). Suppose 0 = -2*k + 2*g + 10, 4*k + 2*g + o = 20. Let f = k + 1. What is the highest common factor of f and 9?
3
Let m(p) = 2*p - 3. Suppose 0*g = 5*g - 10. Let f be m(g). Let h be 13*(-1)/(f - 2). What is the greatest common factor of 13 and h?
13
Let c(n) = -n + 14. Let r be c(-11). Suppose -2*i + r + 7 = 0. What is the greatest common factor of 4 and i?
4
Suppose 30 + 0 = 5*u. Calculate the greatest common factor of 4 and u.
2
Let v = -8 - -13. Let g = 13 - v. What is the highest common factor of 32 and g?
8
Suppose 0*l + 9 = l - 5*c, -3*l + 2*c = -79. What is the greatest common factor of 203 and l?
29
Let w be ((-10)/(-6))/(-5)*3. Let m be 15 - (2/(-1))/w. What is the greatest common divisor of m and 13?
13
Let s(q) = q - 6. Let y be s(5). Let n be (-35)/(-2) - y/2. What is the greatest common divisor of 6 and n?
6
Suppose -z + 2 = -4. Let y be 1 - (21 + 1 - -2). Let w = 7 - y. Calculate the greatest common divisor of w and z.
6
Let a be (-1)/2*(-24)/4. Let d = -1 + a. Suppose 5*h - 42 = d*h. Calculate the highest common divisor of 14 and h.
14
Let m(z) = -z**3 - 2*z**2 + z - 5. Let v be m(-6). What is the highest common divisor of v and 19?
19
Let g = 32 - -13. Suppose 2*h = -0*h. Suppose -5*d + 90 = -h*d. What is the highest common factor of g and d?
9
Let z = 22 - 19. What is the greatest common divisor of z and 15?
3
Suppose -55 - 25 = -4*z. Calculate the greatest common divisor of 140 and z.
20
Let p(t) = 8*t - 10. Let b be p(4). What is the greatest common factor of 176 and b?
22
Let d(y) = -y**3 + 6*y**2 - 10*y + 10. Let t be d(4). Calculate the greatest common divisor of t and 9.
1
Suppose -2*s - k + 3*k = -320, -4*k - 802 = -5*s. Calculate the greatest common divisor of s and 18.
18
Let v = 1 + -1. Let a = -2 + 0. Let d be (v + -10)/(a/13). Calculate the highest common divisor of d and 26.
13
Let a = -237 + 450. Suppose -4*d - d = 3*g - a, 0 = 3*d - 2*g - 124. Suppose -d = c - 3*c. Calculate the highest common divisor of c and 189.
21
Let s be 1 + 1*(4 + 0). Suppose -2*i = -5*i + 105. Suppose 2*a + 0 = d - i, 105 = 3*d + 2*a. Calculate the highest common divisor of d and s.
5
Let i(l) = 2*l**2 + 2*l - 3. Let g be i(6). What is the highest common factor of 9 and g?
9
Let m(g) = -g - 1. Let w be m(0). Let v = 4 + w. Suppose 16 = v*y + y. What is the highest common divisor of 6 and y?
2
Suppose -130 = -9*h + 104. Suppose f = -4*g + 17, f - 2*g - 10 - 7 = 0. Suppose -a + 22 = -f. What is the highest common factor of a and h?
13
Let z = 162 + -52. Suppose -3*m + 14 = 2*p - 0*p, 28 = 2*p - 4*m. Calculate the greatest common factor of z and p.
10
Let w(y) = y**2 - 11*y + 18. Let i be w(10). Calculate the highest common factor of i and 8.
8
Let o(f) = 2*f + 1. Let k be o(1). Suppose k*v = 2 + 4. Suppose -2*x - 2*l = 0, -5*l + l - 4 = 3*x. What is the greatest common factor of x and v?
2
Let n = 2 - 0. Let v = -9 + 5. Let g be v/8*(-44 - 0). Calculate the greatest common factor of g and n.
2
Suppose -833 = -3*n + 2*b + 348, 0 = -2*n - b + 778. What is the greatest common divisor of 17 and n?
17
Suppose -8 = g - 2*g. Let t(u) = 2*u - 8. Let j be t(g). Suppose -5*r + 7 = -j, -4*r - 3 = -s. Calculate the greatest common divisor of 105 and s.
15
Let w be -1*5 - (1 - 3). Let i be (-2 + 0/(-1))*w. Let s = 0 + 2. What is the greatest common factor of i and s?
2
Let d = 12 - 7. Suppose 0*x = d*x - 55. What is the highest common factor of 11 and x?
11
Suppose 2*w + 28 - 3 = t, w + 38 = 2*t. Calculate the highest common factor of 187 and t.
17
Suppose -2*s - 20 = -j, -5*j + 9 + 91 = 4*s. What is the greatest common divisor of 10 and j?
10
Suppose 0 = -4*w - 81 + 97. Let j = 4 - 2. What is the highest common divisor of w and j?
2
Suppose 2*y + r + 2*r = 342, -y = -5*r - 184. Suppose 552 = 3*n + y. Let f = -35 - -49. Calculate the highest common factor of f and n.
14
Suppose c + 15 + 34 = 5*g, -25 = -5*g - 5*c. What is the great